{"id":12,"date":"2009-01-16T10:40:26","date_gmt":"2009-01-16T09:40:26","guid":{"rendered":"https:\/\/abonyita.inf.elte.hu\/?page_id=12"},"modified":"2019-01-07T09:05:13","modified_gmt":"2019-01-07T08:05:13","slug":"web-fejlesztes","status":"publish","type":"page","link":"https:\/\/abonyita.inf.elte.hu\/?page_id=12","title":{"rendered":"Web-fejleszt\u00e9s I."},"content":{"rendered":"<ul>\n<li><strong>El\u0151ad\u00e1s<\/strong>\n<ul>\n<li>Az internet \u00e9s a web fejl\u0151d\u00e9se \u2013 szabv\u00e1nyok, trendek, \u00e9rdekess\u00e9gek, sikerek \u00e9s buk\u00e1sok<\/li>\n<li>Alapfogalmak a web-fejleszt\u00e9s t\u00e9mak\u00f6r\u00e9ben (szabv\u00e1nyok \u00e9s aj\u00e1nl\u00e1sok, http,https, url,uri, urn, HTML, XHTML,XML, DTD, valid\u00e1ci\u00f3, reszponz\u00edv webdesign)<\/li>\n<li>Bevezet\u00e9s a st\u00edluslapok haszn\u00e1lat\u00e1ba (css alapok, csatol\u00e1si m\u00f3dok, m\u00e9rt\u00e9kegys\u00e9gek, l\u00e1tsz\u00f3lagos oszt\u00e1lyok \u00e9s elemek, rangsor, ki\u00e9rt\u00e9kel\u00e9si sorrend, form\u00e1z\u00e1smodell, tipikus oldalfel\u00e9p\u00edt\u00e9sek \u00e9s megval\u00f3s\u00edt\u00e1suk , CSS1,CSS2 \u00e9s CSS3 szelektorok haszn\u00e1lata)<\/li>\n<li>A honlapk\u00e9sz\u00edt\u00e9s ergon\u00f3mi\u00e1ja, p\u00e9ld\u00e1k, elvek, m\u00f3dszerek \u00e9s eszk\u00f6z\u00f6k<br \/>\n(Ergon\u00f3mia fogalma, haszn\u00e1lhat\u00f3s\u00e1g, haszn\u00e1lhat\u00f3s\u00e1gi faktorok, a tervez\u00e9s folyamata, vizsg\u00e1lati m\u00f3dszerek, felhaszn\u00e1l\u00f3i \u00e9lm\u00e9ny, tartalomtervez\u00e9s, oldaltervez\u00e9s, tipogr\u00e1fia k\u00e9rd\u00e9sek, linkek haszn\u00e1lata, multim\u00e9di\u00e1s elemekkel kapcsolatos ergon\u00f3miai elvek, navig\u00e1ci\u00f3, site tervez\u00e9s, t\u00f6bbnyelv\u0171 oldalak megval\u00f3s\u00edt\u00e1s\u00e1ra vonatkoz\u00f3 elvek.)<\/li>\n<li>Mit\u0151l akad\u00e1lymentes egy honlap? Speci\u00e1lis ig\u00e9ny\u0171 felhaszn\u00e1l\u00f3i csoportok probl\u00e9m\u00e1i \u00e9s elv\u00e1r\u00e1sai.<br \/>\n(Akad\u00e1lymentes\u00edt\u00e9s \u00e9s az. egyetemes tervez\u00e9s fogalma, egyenl\u0151 es\u00e9ly\u0171 hozz\u00e1f\u00e9r\u00e9s fontoss\u00e1ga, p\u00e9ld\u00e1k, az IKT szempontb\u00f3l h\u00e1tr\u00e1nyos helyzet\u0171 felhaszn\u00e1l\u00f3k (gyeng\u00e9nl\u00e1t\u00f3-, vak-, sz\u00ednvak-, siket-, mozg\u00e1skorl\u00e1tozott felhaszn\u00e1l\u00f3k) \u00e1ltal tapasztalt probl\u00e9m\u00e1k, speci\u00e1lis eszk\u00f6z\u00f6k (pl. Braille kijelz\u0151, k\u00e9perny\u0151olvas\u00f3, speci\u00e1lis beviteli eszk\u00f6z\u00f6k), a WCAG 2.0 (Web Akad\u00e1lymentes\u00edt\u00e9si \u00datmutat\u00f3 2.0) alapelveinek, ir\u00e1nyelveinek \u00e9s teljes\u00edt\u00e9si felt\u00e9teleinek r\u00f6vid \u00e1ttekint\u00e9se, akad\u00e1lymentess\u00e9g ellen\u0151rz\u00e9s\u00e9nek m\u00f3dszerei \u00e9s eszk\u00f6zei (valid\u00e1torok, kontraszt elemz\u00e9s, strukt\u00fara elemz\u00e9s, m\u00e9diaelemek akad\u00e1lymentess\u00e9g\u00e9nek ellen\u0151rz\u00e9se.)), a WAI-ARIA bemutat\u00e1sa<\/li>\n<\/ul>\n<\/li>\n<li><strong>Gyakorlat<\/strong>\n<ul>\n<li>Dr\u00f3tv\u00e1zterv k\u00e9sz\u00edt\u0151 alkalmaz\u00e1sok funkci\u00f3i, \u00e9s haszn\u00e1lata<\/li>\n<li>HTML alapok (alapstrukt\u00fara, dokumentumt\u00edpus, szemantika, valid\u00e1l\u00e1s)<\/li>\n<li>A HTML5 \u00e9s XHTML 1.0 k\u00f6zti k\u00fcl\u00f6nbs\u00e9gek<\/li>\n<li>A HTML5 legfontosabb sz\u00f6vegszint\u0171 elemei, tipikus sz\u00f6vegform\u00e1z\u00e1sok<\/li>\n<li>Csoportos\u00edt\u00f3 elemek<\/li>\n<li>Be\u00e1gyazott elemek<\/li>\n<li>Oldalszerkezet elemek<\/li>\n<li>T\u00e1bl\u00e1zatok haszn\u00e1lata<\/li>\n<li>\u0170rlapok<\/li>\n<li>Interakt\u00edv elemek<\/li>\n<li>Bevezet\u00e9s a st\u00edluslapok haszn\u00e1lat\u00e1ba<\/li>\n<li>CSS ki\u00e9rt\u00e9kel\u00e9si sorrend (rangsorol\u00e1s)<\/li>\n<li>Ismerked\u00e9s a CSS dobozmodellj\u00e9vel<\/li>\n<li>Sz\u00edn- \u00e9s h\u00e1tt\u00e9rbe\u00e1ll\u00edt\u00e1s st\u00edluslappal<\/li>\n<li>Vizu\u00e1lis form\u00e1z\u00e1smodell<\/li>\n<li>Transzform\u00e1ci\u00f3k \u00e9s \u00e1tmenetek<\/li>\n<li>M\u00e9diat\u00edpusok haszn\u00e1lata<\/li>\n<li>Akad\u00e1lymentess\u00e9gi ellen\u0151rz\u0151eszk\u00f6z\u00f6k a gyakorlatban.<\/li>\n<li>Ismerked\u00e9s a Bootstrap keretrendszerrel<\/li>\n<\/ul>\n<\/li>\n<\/ul>\n","protected":false},"excerpt":{"rendered":"<p>El\u0151ad\u00e1s Az internet \u00e9s a web fejl\u0151d\u00e9se \u2013 szabv\u00e1nyok, trendek, \u00e9rdekess\u00e9gek, sikerek \u00e9s buk\u00e1sok Alapfogalmak a web-fejleszt\u00e9s t\u00e9mak\u00f6r\u00e9ben (szabv\u00e1nyok \u00e9s aj\u00e1nl\u00e1sok, http,https, url,uri, urn, HTML, XHTML,XML, DTD, valid\u00e1ci\u00f3, reszponz\u00edv webdesign) Bevezet\u00e9s a st\u00edluslapok haszn\u00e1lat\u00e1ba (css alapok, csatol\u00e1si m\u00f3dok, m\u00e9rt\u00e9kegys\u00e9gek, l\u00e1tsz\u00f3lagos oszt\u00e1lyok \u00e9s elemek, rangsor, ki\u00e9rt\u00e9kel\u00e9si sorrend, form\u00e1z\u00e1smodell, tipikus oldalfel\u00e9p\u00edt\u00e9sek \u00e9s megval\u00f3s\u00edt\u00e1suk , CSS1,CSS2 \u00e9s CSS3 &#8230;<\/p>\n<a href=\"https:\/\/abonyita.inf.elte.hu\/?page_id=12\" class=\"read-more-link\">Tov\u00e1bb olvasom  <span class=\"screen-reader-text\">\"Web-fejleszt\u00e9s I.\"<\/span> <span class=\"meta-nav\">&rarr;<\/span><\/a>","protected":false},"author":1,"featured_media":2213,"parent":9,"menu_order":0,"comment_status":"closed","ping_status":"closed","template":"page-template\/_sidebar.php","meta":{"footnotes":""},"class_list":["post-12","page","type-page","status-publish","has-post-thumbnail","hentry","penguin-post","penguin-post-not-sticky"],"_links":{"self":[{"href":"https:\/\/abonyita.inf.elte.hu\/index.php?rest_route=\/wp\/v2\/pages\/12","targetHints":{"allow":["GET"]}}],"collection":[{"href":"https:\/\/abonyita.inf.elte.hu\/index.php?rest_route=\/wp\/v2\/pages"}],"about":[{"href":"https:\/\/abonyita.inf.elte.hu\/index.php?rest_route=\/wp\/v2\/types\/page"}],"author":[{"embeddable":true,"href":"https:\/\/abonyita.inf.elte.hu\/index.php?rest_route=\/wp\/v2\/users\/1"}],"replies":[{"embeddable":true,"href":"https:\/\/abonyita.inf.elte.hu\/index.php?rest_route=%2Fwp%2Fv2%2Fcomments&post=12"}],"version-history":[{"count":12,"href":"https:\/\/abonyita.inf.elte.hu\/index.php?rest_route=\/wp\/v2\/pages\/12\/revisions"}],"predecessor-version":[{"id":2212,"href":"https:\/\/abonyita.inf.elte.hu\/index.php?rest_route=\/wp\/v2\/pages\/12\/revisions\/2212"}],"up":[{"embeddable":true,"href":"https:\/\/abonyita.inf.elte.hu\/index.php?rest_route=\/wp\/v2\/pages\/9"}],"wp:featuredmedia":[{"embeddable":true,"href":"https:\/\/abonyita.inf.elte.hu\/index.php?rest_route=\/wp\/v2\/media\/2213"}],"wp:attachment":[{"href":"https:\/\/abonyita.inf.elte.hu\/index.php?rest_route=%2Fwp%2Fv2%2Fmedia&parent=12"}],"curies":[{"name":"wp","href":"https:\/\/api.w.org\/{rel}","templated":true}]}}